{"id":8384,"date":"2023-12-13T10:44:24","date_gmt":"2023-12-13T09:44:24","guid":{"rendered":"https:\/\/domitec.ch\/?post_type=product&#038;p=8384"},"modified":"2025-05-27T21:21:53","modified_gmt":"2025-05-27T19:21:53","slug":"fauteuil-roulant-action3ng-copie","status":"publish","type":"product","link":"https:\/\/domitec.ch\/?product=fauteuil-roulant-action3ng-copie","title":{"rendered":"Fauteuil roulant Alu Lite"},"content":{"rendered":"<p>Fauteuil roulant Invacare\u00ae Alu Lite<br \/>\nFacile \u00e0 transporter et \u00e0 manipuler gr\u00e2ce \u00e0 son ch\u00e2ssis en aluminium l\u00e9ger<br \/>\nLargeur total= d\u2019assise + 110mm<br \/>\nAvec freins d&rsquo;accompagnements<br \/>\nLargueur assise 40,5 ou 45,5cm<br \/>\nPoids max utilisateur 100kg<\/p>\n","protected":false},"excerpt":{"rendered":"<p>Fauteuil roulant Invacare\u00ae Alu Lite<br \/>\nFacile \u00e0 transporter et \u00e0 manipuler gr\u00e2ce \u00e0 son ch\u00e2ssis en aluminium l\u00e9ger<\/p>\n","protected":false},"featured_media":8399,"template":"","meta":{"advanced_seo_description":"","jetpack_seo_html_title":"","jetpack_seo_noindex":false,"jetpack_post_was_ever_published":false,"jetpack_publicize_message":"","jetpack_publicize_feature_enabled":true,"jetpack_social_post_already_shared":true,"jetpack_social_options":{"image_generator_settings":{"template":"highway","default_image_id":0,"font":"","enabled":false},"version":2}},"product_brand":[],"product_cat":[6376],"product_tag":[],"class_list":{"0":"post-8384","1":"product","2":"type-product","3":"status-publish","4":"has-post-thumbnail","6":"product_cat-ac-fauteuils-roulants-manuels","7":"product_shipping_class-poste-grand-paquet","9":"first","10":"instock","11":"taxable","12":"shipping-taxable","13":"purchasable","14":"product-type-variable"},"jetpack_publicize_connections":[],"jetpack_likes_enabled":false,"jetpack_sharing_enabled":false,"jetpack-related-posts":[{"id":8332,"url":"https:\/\/domitec.ch\/?product=fauteuil-roulant-action3ng","url_meta":{"origin":8384,"position":0},"title":"Fauteuil roulant Action\u00ae3NG","author":"Cyril Hug","date":"12 d\u00e9cembre 2023","format":false,"excerpt":"Fauteuil roulant Action\u00ae3NG Le fauteuil roulant en aluminium\u00a0Invacare\u00ae\u00a0Action\u00ae3NG\u00a0est destin\u00e9 \u00e0 un usage quotidien pour des utilisateurs ind\u00e9pendants","rel":"","context":"Article similaire","block_context":{"text":"Article similaire","link":""},"img":{"alt_text":"","src":"https:\/\/i0.wp.com\/domitec.ch\/wp-content\/uploads\/2023\/12\/Fauteuil-NG3.jpg?fit=578%2C547&ssl=1&resize=350%2C200","width":350,"height":200,"srcset":"https:\/\/i0.wp.com\/domitec.ch\/wp-content\/uploads\/2023\/12\/Fauteuil-NG3.jpg?fit=578%2C547&ssl=1&resize=350%2C200 1x, https:\/\/i0.wp.com\/domitec.ch\/wp-content\/uploads\/2023\/12\/Fauteuil-NG3.jpg?fit=578%2C547&ssl=1&resize=525%2C300 1.5x"},"classes":[]},{"id":6312,"url":"https:\/\/domitec.ch\/?product=fauteuil-roulant-ergo-lite-2","url_meta":{"origin":8384,"position":1},"title":"Fauteuil roulant Ultral\u00e9ger","author":"Cyril Hug","date":"17 f\u00e9vrier 2023","format":false,"excerpt":"Ergo Lite 2, le meilleur compagnon de voyage Fauteuil roulant ultral\u00e9ger en aluminium ultral\u00e9ger avec des caract\u00e9ristiques ergonomiques Gr\u00e2ce \u00e0 ses repose-pieds amovibles et pivotants, \u00e0 son dossier rabattable et \u00e0 ses roues arri\u00e8re amovibles (uniquement pour les roues de 20\"), il trouve sa place dans n'importe quel coffre de\u2026","rel":"","context":"Article similaire","block_context":{"text":"Article similaire","link":""},"img":{"alt_text":"","src":"https:\/\/i0.wp.com\/domitec.ch\/wp-content\/uploads\/2023\/02\/Fauteuil-karma-1-2363813133-e1676641956742.jpg?fit=595%2C512&ssl=1&resize=350%2C200","width":350,"height":200,"srcset":"https:\/\/i0.wp.com\/domitec.ch\/wp-content\/uploads\/2023\/02\/Fauteuil-karma-1-2363813133-e1676641956742.jpg?fit=595%2C512&ssl=1&resize=350%2C200 1x, https:\/\/i0.wp.com\/domitec.ch\/wp-content\/uploads\/2023\/02\/Fauteuil-karma-1-2363813133-e1676641956742.jpg?fit=595%2C512&ssl=1&resize=525%2C300 1.5x"},"classes":[]},{"id":11360,"url":"https:\/\/domitec.ch\/?product=fauteuil-roulant-de-transport","url_meta":{"origin":8384,"position":2},"title":"Fauteuil roulant de transport","author":"Cyril Hug","date":"14 f\u00e9vrier 2025","format":false,"excerpt":"Fauteuil roulant de transport avec roues arri\u00e8res de 14 pouces Cadre pliable en aluminium argent\u00e9 Poids max utilisateur 150 kg","rel":"","context":"Article similaire","block_context":{"text":"Article similaire","link":""},"img":{"alt_text":"","src":"https:\/\/i0.wp.com\/domitec.ch\/wp-content\/uploads\/2025\/02\/Fauteuil-de-transfert.png?fit=872%2C762&ssl=1&resize=350%2C200","width":350,"height":200,"srcset":"https:\/\/i0.wp.com\/domitec.ch\/wp-content\/uploads\/2025\/02\/Fauteuil-de-transfert.png?fit=872%2C762&ssl=1&resize=350%2C200 1x, https:\/\/i0.wp.com\/domitec.ch\/wp-content\/uploads\/2025\/02\/Fauteuil-de-transfert.png?fit=872%2C762&ssl=1&resize=525%2C300 1.5x, https:\/\/i0.wp.com\/domitec.ch\/wp-content\/uploads\/2025\/02\/Fauteuil-de-transfert.png?fit=872%2C762&ssl=1&resize=700%2C400 2x"},"classes":[]},{"id":11369,"url":"https:\/\/domitec.ch\/?product=fauteuil-roulant-de-transport-1","url_meta":{"origin":8384,"position":3},"title":"Fauteuil roulant de transport","author":"Cyril Hug","date":"14 f\u00e9vrier 2025","format":false,"excerpt":"Fauteuil roulant de transport avec roues arri\u00e8res de 22 pouces Cadre pliable en aluminium argent\u00e9 Poids max utilisateur 150 kg","rel":"","context":"Article similaire","block_context":{"text":"Article similaire","link":""},"img":{"alt_text":"","src":"https:\/\/i0.wp.com\/domitec.ch\/wp-content\/uploads\/2025\/02\/Fauteuil-de-transfert-grandes-roues.png?fit=863%2C756&ssl=1&resize=350%2C200","width":350,"height":200,"srcset":"https:\/\/i0.wp.com\/domitec.ch\/wp-content\/uploads\/2025\/02\/Fauteuil-de-transfert-grandes-roues.png?fit=863%2C756&ssl=1&resize=350%2C200 1x, https:\/\/i0.wp.com\/domitec.ch\/wp-content\/uploads\/2025\/02\/Fauteuil-de-transfert-grandes-roues.png?fit=863%2C756&ssl=1&resize=525%2C300 1.5x, https:\/\/i0.wp.com\/domitec.ch\/wp-content\/uploads\/2025\/02\/Fauteuil-de-transfert-grandes-roues.png?fit=863%2C756&ssl=1&resize=700%2C400 2x"},"classes":[]},{"id":5815,"url":"https:\/\/domitec.ch\/?product=fauteuil-roulant-econ-xxl","url_meta":{"origin":8384,"position":4},"title":"Fauteuil roulant ECON XXL","author":"Cyril Hug","date":"30 d\u00e9cembre 2022","format":false,"excerpt":"Fauteuil roulant ECON XXL Avec une assise g\u00e9n\u00e9reuse pour les personnes fortes ou \u00e0 hanches larges","rel":"","context":"Article similaire","block_context":{"text":"Article similaire","link":""},"img":{"alt_text":"","src":"https:\/\/i0.wp.com\/domitec.ch\/wp-content\/uploads\/2022\/12\/ECON-XXL-1435431065-e1673341545663.jpg?fit=524%2C523&ssl=1&resize=350%2C200","width":350,"height":200},"classes":[]},{"id":5436,"url":"https:\/\/domitec.ch\/?product=fauteuil-roulant-electrique-rascal-mobility-320-compact","url_meta":{"origin":8384,"position":5},"title":"Fauteuil roulant \u00e9lectrique RUEBA","author":"Cyril Hug","date":"22 novembre 2022","format":false,"excerpt":"Fauteuil roulant \u00e9lectrique RUEBA Le fauteuil \u00e9lectrique RUEBA CT offre une conduite toute en douceur Il est votre alli\u00e9 id\u00e9al pour une utilisation en int\u00e9rieur comme en ext\u00e9rieur","rel":"","context":"Article similaire","block_context":{"text":"Article similaire","link":""},"img":{"alt_text":"","src":"https:\/\/i0.wp.com\/domitec.ch\/wp-content\/uploads\/2022\/11\/FRE-Rueba1.jpg?fit=540%2C564&ssl=1&resize=350%2C200","width":350,"height":200,"srcset":"https:\/\/i0.wp.com\/domitec.ch\/wp-content\/uploads\/2022\/11\/FRE-Rueba1.jpg?fit=540%2C564&ssl=1&resize=350%2C200 1x, https:\/\/i0.wp.com\/domitec.ch\/wp-content\/uploads\/2022\/11\/FRE-Rueba1.jpg?fit=540%2C564&ssl=1&resize=525%2C300 1.5x"},"classes":[]}],"_links":{"self":[{"href":"https:\/\/domitec.ch\/index.php?rest_route=\/wp\/v2\/product\/8384","targetHints":{"allow":["GET"]}}],"collection":[{"href":"https:\/\/domitec.ch\/index.php?rest_route=\/wp\/v2\/product"}],"about":[{"href":"https:\/\/domitec.ch\/index.php?rest_route=\/wp\/v2\/types\/product"}],"wp:featuredmedia":[{"embeddable":true,"href":"https:\/\/domitec.ch\/index.php?rest_route=\/wp\/v2\/media\/8399"}],"wp:attachment":[{"href":"https:\/\/domitec.ch\/index.php?rest_route=%2Fwp%2Fv2%2Fmedia&parent=8384"}],"wp:term":[{"taxonomy":"product_brand","embeddable":true,"href":"https:\/\/domitec.ch\/index.php?rest_route=%2Fwp%2Fv2%2Fproduct_brand&post=8384"},{"taxonomy":"product_cat","embeddable":true,"href":"https:\/\/domitec.ch\/index.php?rest_route=%2Fwp%2Fv2%2Fproduct_cat&post=8384"},{"taxonomy":"product_tag","embeddable":true,"href":"https:\/\/domitec.ch\/index.php?rest_route=%2Fwp%2Fv2%2Fproduct_tag&post=8384"}],"curies":[{"name":"wp","href":"https:\/\/api.w.org\/{rel}","templated":true}]}}