{"id":7372,"date":"2023-04-10T22:47:10","date_gmt":"2023-04-10T20:47:10","guid":{"rendered":"https:\/\/domitec.ch\/?post_type=product&#038;p=7372"},"modified":"2025-05-27T16:30:35","modified_gmt":"2025-05-27T14:30:35","slug":"rollator-impala-xl","status":"publish","type":"product","link":"https:\/\/domitec.ch\/?product=rollator-impala-xl","title":{"rendered":"Rollator Impala XL"},"content":{"rendered":"<p>Rollator Impala<br \/>\nRollator avec cadre en aluminium de couleur bleu m\u00e9tallique<br \/>\nAvec porte canne, si\u00e8ge rembourr\u00e9s et panier sous le si\u00e8ge<\/p>\n<p>Impala 53:<br \/>\nHauteur assise 53 cm<br \/>\nHauteur poign\u00e9e: 79 \u00e0 93 cm<br \/>\nLargeur d&rsquo;assise 53 cm<br \/>\nPoids 7,4 kg<\/p>\n<p>Impala 63<br \/>\nHauteur assise 63 cm<br \/>\nHauteur poign\u00e9es 90 \u00e0 105 cm<br \/>\nLargeur d&rsquo;assise 49 cm<br \/>\nPoids 7,9 kg<\/p>\n<p>Poids supportable 150 kg<br \/>\nCharge max panier 5 kg<br \/>\nDiam\u00e8tre roues 200mm<\/p>\n","protected":false},"excerpt":{"rendered":"<p>Rollator Impala avec cadre en aluminium de couleur bleu m\u00e9tallique<br \/>\nAvec porte canne, si\u00e8ge rembourr\u00e9s et panier sous le si\u00e8ge<\/p>\n","protected":false},"featured_media":4364,"template":"","meta":{"_crdt_document":"","advanced_seo_description":"","jetpack_seo_html_title":"","jetpack_seo_noindex":false,"jetpack_post_was_ever_published":false,"jetpack_publicize_message":"","jetpack_publicize_feature_enabled":true,"jetpack_social_post_already_shared":true,"jetpack_social_options":{"image_generator_settings":{"template":"highway","default_image_id":0,"font":"","enabled":false},"version":2}},"product_brand":[],"product_cat":[6625],"product_tag":[],"class_list":{"0":"post-7372","1":"product","2":"type-product","3":"status-publish","4":"has-post-thumbnail","6":"product_cat-sc-gamme-large","7":"product_shipping_class-poste-grand-paquet","9":"first","10":"instock","11":"taxable","12":"shipping-taxable","13":"purchasable","14":"product-type-variable"},"jetpack_publicize_connections":[],"jetpack_likes_enabled":false,"jetpack_sharing_enabled":false,"jetpack-related-posts":[{"id":4357,"url":"https:\/\/domitec.ch\/?product=rollator-impala","url_meta":{"origin":7372,"position":0},"title":"Rollator Impala","author":"Cyril Hug","date":"26 septembre 2022","format":false,"excerpt":"Rollator Impala avec cadre en aluminium de couleur bleu m\u00e9tallique Avec porte canne, si\u00e8ge rembourr\u00e9s et panier sous le si\u00e8ge","rel":"","context":"Article similaire","block_context":{"text":"Article similaire","link":""},"img":{"alt_text":"","src":"https:\/\/i0.wp.com\/domitec.ch\/wp-content\/uploads\/2022\/09\/Impala.jpg?fit=505%2C496&ssl=1&resize=350%2C200","width":350,"height":200},"classes":[]},{"id":4344,"url":"https:\/\/domitec.ch\/?product=rollator-lion-xl","url_meta":{"origin":7372,"position":1},"title":"Rollator Lion XL","author":"Cyril Hug","date":"26 septembre 2022","format":false,"excerpt":"Rollator Lion XL Avec cadre en aluminium, \u00e9quip\u00e9 d\u2019une sangle dorsale, livr\u00e9 avec un sac en nylon et un porte canne","rel":"","context":"Article similaire","block_context":{"text":"Article similaire","link":""},"img":{"alt_text":"","src":"https:\/\/i0.wp.com\/domitec.ch\/wp-content\/uploads\/2022\/09\/Lion-gris-3958203730-1664181328424.jpg?fit=472%2C526&ssl=1&resize=350%2C200","width":350,"height":200},"classes":[]},{"id":4270,"url":"https:\/\/domitec.ch\/?product=rollator-kudu","url_meta":{"origin":7372,"position":2},"title":"Rollator Kudu","author":"Cyril Hug","date":"26 septembre 2022","format":false,"excerpt":"Rollator avec cadre en aluminium Equip\u00e9 d'une sangle dorsale et livr\u00e9 avec un sac amovible en nylon","rel":"","context":"Article similaire","block_context":{"text":"Article similaire","link":""},"img":{"alt_text":"","src":"https:\/\/i0.wp.com\/domitec.ch\/wp-content\/uploads\/2022\/09\/Rollator-Kudu-4092065961-e1680076352350.jpg?fit=531%2C618&ssl=1&resize=350%2C200","width":350,"height":200,"srcset":"https:\/\/i0.wp.com\/domitec.ch\/wp-content\/uploads\/2022\/09\/Rollator-Kudu-4092065961-e1680076352350.jpg?fit=531%2C618&ssl=1&resize=350%2C200 1x, https:\/\/i0.wp.com\/domitec.ch\/wp-content\/uploads\/2022\/09\/Rollator-Kudu-4092065961-e1680076352350.jpg?fit=531%2C618&ssl=1&resize=525%2C300 1.5x"},"classes":[]},{"id":4321,"url":"https:\/\/domitec.ch\/?product=rollator-leopard","url_meta":{"origin":7372,"position":3},"title":"Rollator L\u00e9opard","author":"Cyril Hug","date":"26 septembre 2022","format":false,"excerpt":"!!! Mod\u00e8le recommand\u00e9 !!! Rollator avec cadre en aluminium Equip\u00e9 d'une sangle dorsale et livr\u00e9 avec un sac amovible en nylon","rel":"","context":"Article similaire","block_context":{"text":"Article similaire","link":""},"img":{"alt_text":"","src":"https:\/\/i0.wp.com\/domitec.ch\/wp-content\/uploads\/2022\/09\/Rollator-Leopard.png?fit=896%2C881&ssl=1&resize=350%2C200","width":350,"height":200,"srcset":"https:\/\/i0.wp.com\/domitec.ch\/wp-content\/uploads\/2022\/09\/Rollator-Leopard.png?fit=896%2C881&ssl=1&resize=350%2C200 1x, https:\/\/i0.wp.com\/domitec.ch\/wp-content\/uploads\/2022\/09\/Rollator-Leopard.png?fit=896%2C881&ssl=1&resize=525%2C300 1.5x, https:\/\/i0.wp.com\/domitec.ch\/wp-content\/uploads\/2022\/09\/Rollator-Leopard.png?fit=896%2C881&ssl=1&resize=700%2C400 2x"},"classes":[]},{"id":4317,"url":"https:\/\/domitec.ch\/?product=rollator-leopard-2","url_meta":{"origin":7372,"position":4},"title":"Rollator Tiger Arthritis XL","author":"Cyril Hug","date":"26 septembre 2022","format":false,"excerpt":"Rollator Arthritis Tiger XL Avec appuis arthritiques, qui peuvent \u00eatre tourn\u00e9s vers l'int\u00e9rieur de 2 x 22,5 degr\u00e9s","rel":"","context":"Article similaire","block_context":{"text":"Article similaire","link":""},"img":{"alt_text":"","src":"https:\/\/i0.wp.com\/domitec.ch\/wp-content\/uploads\/2022\/09\/Tigre-arthri-gris-outdoor.jpg?fit=497%2C525&ssl=1&resize=350%2C200","width":350,"height":200},"classes":[]},{"id":4369,"url":"https:\/\/domitec.ch\/?product=rollator-gepard-carbone","url_meta":{"origin":7372,"position":5},"title":"Rollator G\u00e9pard carbone","author":"Cyril Hug","date":"26 septembre 2022","format":false,"excerpt":"Rollator avec cadre en fibre de carbone Ultra l\u00e9ger, Existe en version XL (charge max 200kg)","rel":"","context":"Article similaire","block_context":{"text":"Article similaire","link":""},"img":{"alt_text":"","src":"https:\/\/i0.wp.com\/domitec.ch\/wp-content\/uploads\/2022\/09\/Gepard-carbon-HD-455867153-1664227110390.jpg?fit=524%2C572&ssl=1&resize=350%2C200","width":350,"height":200},"classes":[]}],"_links":{"self":[{"href":"https:\/\/domitec.ch\/index.php?rest_route=\/wp\/v2\/product\/7372","targetHints":{"allow":["GET"]}}],"collection":[{"href":"https:\/\/domitec.ch\/index.php?rest_route=\/wp\/v2\/product"}],"about":[{"href":"https:\/\/domitec.ch\/index.php?rest_route=\/wp\/v2\/types\/product"}],"wp:featuredmedia":[{"embeddable":true,"href":"https:\/\/domitec.ch\/index.php?rest_route=\/wp\/v2\/media\/4364"}],"wp:attachment":[{"href":"https:\/\/domitec.ch\/index.php?rest_route=%2Fwp%2Fv2%2Fmedia&parent=7372"}],"wp:term":[{"taxonomy":"product_brand","embeddable":true,"href":"https:\/\/domitec.ch\/index.php?rest_route=%2Fwp%2Fv2%2Fproduct_brand&post=7372"},{"taxonomy":"product_cat","embeddable":true,"href":"https:\/\/domitec.ch\/index.php?rest_route=%2Fwp%2Fv2%2Fproduct_cat&post=7372"},{"taxonomy":"product_tag","embeddable":true,"href":"https:\/\/domitec.ch\/index.php?rest_route=%2Fwp%2Fv2%2Fproduct_tag&post=7372"}],"curies":[{"name":"wp","href":"https:\/\/api.w.org\/{rel}","templated":true}]}}