{"id":5436,"date":"2022-11-22T17:39:37","date_gmt":"2022-11-22T16:39:37","guid":{"rendered":"https:\/\/domitec.ch\/?post_type=product&#038;p=5436"},"modified":"2025-05-27T09:59:14","modified_gmt":"2025-05-27T07:59:14","slug":"fauteuil-roulant-electrique-rascal-mobility-320-compact","status":"publish","type":"product","link":"https:\/\/domitec.ch\/?product=fauteuil-roulant-electrique-rascal-mobility-320-compact","title":{"rendered":"Fauteuil roulant \u00e9lectrique RUEBA"},"content":{"rendered":"<p>Fauteuil roulant \u00e9lectrique RUEBA<br \/>\nLe fauteuil \u00e9lectrique RUEBA CT offre une conduite toute en douceur<br \/>\nIl est votre alli\u00e9 id\u00e9al pour une utilisation en int\u00e9rieur comme en ext\u00e9rieur<br \/>\nLe syst\u00e8me d\u2019assise flexible et ergonomique, le dossier avec une inclinaison r\u00e9glable et des accoudoirs ajustables en largeur et en hauteur assurent une excellente position d\u2019assise<br \/>\nLe dossier peut \u00eatre rabattu pour le transport<br \/>\nLa suspension arri\u00e8re et les fourches largement dimensionn\u00e9es, ainsi que les pneus gonflables procurent une conduite tr\u00e8s s\u00fbre et ais\u00e9e.<br \/>\nLe fauteuil RUEBA CT est homologu\u00e9 pour le transport en voiture adapt\u00e9 selon ISO7176-19<\/p>\n<p>Caract\u00e9ristique:<br \/>\nLongueur totale: 107 cm<br \/>\nLargeur totale: 61 cm<br \/>\nHauteur d&rsquo;assise plaque : 43 \u00e0 45,5 cm<br \/>\nAssise avec inclinaison: 0 \u00e0 15\u00b0<br \/>\nDossier avec inclinaison: 0 \u00e0 20\u00b0<br \/>\nPoids total incl. batteries : 120 kg<br \/>\nCharge max. 159 kg \/ **136 kg<br \/>\nPack batteries 2 x 55 Ah<br \/>\nRoues AV pneumatiques : 2.8\/2.5-4&Prime;<br \/>\nRoues AR pneumatiques : 3.00 &#8211; 8&Prime;<br \/>\nGarde au sol : 7 cm<br \/>\n\u00d8 braquage Longueur totale Gesamtl\u00e4nge 107 cm<br \/>\nAutonomie: 33 km<br \/>\nPente max. : 6\u00b0<br \/>\n** Charge max. homologu\u00e9 pour le transport en voiture adapt\u00e9<\/p>\n","protected":false},"excerpt":{"rendered":"<p>Fauteuil roulant \u00e9lectrique RUEBA<br \/>\nLe fauteuil \u00e9lectrique RUEBA CT offre une conduite toute en douceur<br \/>\nIl est votre alli\u00e9 id\u00e9al pour une utilisation en int\u00e9rieur comme en ext\u00e9rieur<\/p>\n","protected":false},"featured_media":8119,"template":"","meta":{"_crdt_document":"","advanced_seo_description":"","jetpack_seo_html_title":"","jetpack_seo_noindex":false,"jetpack_publicize_message":"","jetpack_publicize_feature_enabled":true,"jetpack_social_post_already_shared":true,"jetpack_social_options":{"image_generator_settings":{"template":"highway","default_image_id":0,"font":"","enabled":false},"version":2}},"product_brand":[],"product_cat":[6377],"product_tag":[],"class_list":{"0":"post-5436","1":"product","2":"type-product","3":"status-publish","4":"has-post-thumbnail","6":"product_cat-ac-fauteuils-roulants-electrique","7":"product_shipping_class-transporteur","9":"first","10":"instock","11":"taxable","12":"shipping-taxable","13":"purchasable","14":"product-type-simple"},"jetpack_publicize_connections":[],"jetpack_likes_enabled":false,"jetpack_sharing_enabled":false,"jetpack-related-posts":[{"id":11928,"url":"https:\/\/domitec.ch\/?product=fauteuil-releveur-roulant-wall-e","url_meta":{"origin":5436,"position":0},"title":"Fauteuil releveur roulant Wall-E","author":"Cyril Hug","date":"31 mars 2026","format":false,"excerpt":"Fauteuil releveur \u00e9lectrique sur roues avec rev\u00eatement en tissu","rel":"","context":"Article similaire","block_context":{"text":"Article similaire","link":""},"img":{"alt_text":"","src":"https:\/\/i0.wp.com\/domitec.ch\/wp-content\/uploads\/2026\/03\/Fauteuil-Wall-4.png?fit=990%2C962&ssl=1&resize=350%2C200","width":350,"height":200,"srcset":"https:\/\/i0.wp.com\/domitec.ch\/wp-content\/uploads\/2026\/03\/Fauteuil-Wall-4.png?fit=990%2C962&ssl=1&resize=350%2C200 1x, https:\/\/i0.wp.com\/domitec.ch\/wp-content\/uploads\/2026\/03\/Fauteuil-Wall-4.png?fit=990%2C962&ssl=1&resize=525%2C300 1.5x, https:\/\/i0.wp.com\/domitec.ch\/wp-content\/uploads\/2026\/03\/Fauteuil-Wall-4.png?fit=990%2C962&ssl=1&resize=700%2C400 2x"},"classes":[]},{"id":7101,"url":"https:\/\/domitec.ch\/?product=fauteuil-roulant-electrique-neo-xxl","url_meta":{"origin":5436,"position":1},"title":"Fauteuil roulant \u00e9lectrique N\u00e9o XXL","author":"Cyril Hug","date":"24 mars 2023","format":false,"excerpt":"Fauteuil roulant \u00e9lectrique N\u00e9o XXL Le Neo offre beaucoup de confort en termes de comportement de conduite ainsi que d'utilisation et d'assise","rel":"","context":"Article similaire","block_context":{"text":"Article similaire","link":""},"img":{"alt_text":"","src":"https:\/\/i0.wp.com\/domitec.ch\/wp-content\/uploads\/2023\/03\/FRENeoXXL-1-e1679669572790.jpg?fit=388%2C447&ssl=1&resize=350%2C200","width":350,"height":200},"classes":[]},{"id":11912,"url":"https:\/\/domitec.ch\/?product=fauteuil-relax-releveur-lazare","url_meta":{"origin":5436,"position":2},"title":"Fauteuil relax releveur Lazare","author":"Cyril Hug","date":"31 mars 2026","format":false,"excerpt":"Fauteuil releveur \u00e9lectrique avec rev\u00eatement en tissu","rel":"","context":"Article similaire","block_context":{"text":"Article similaire","link":""},"img":{"alt_text":"","src":"https:\/\/i0.wp.com\/domitec.ch\/wp-content\/uploads\/2026\/03\/Fauteuil-4-moteurs-Lazare-beige.png?fit=960%2C848&ssl=1&resize=350%2C200","width":350,"height":200,"srcset":"https:\/\/i0.wp.com\/domitec.ch\/wp-content\/uploads\/2026\/03\/Fauteuil-4-moteurs-Lazare-beige.png?fit=960%2C848&ssl=1&resize=350%2C200 1x, https:\/\/i0.wp.com\/domitec.ch\/wp-content\/uploads\/2026\/03\/Fauteuil-4-moteurs-Lazare-beige.png?fit=960%2C848&ssl=1&resize=525%2C300 1.5x, https:\/\/i0.wp.com\/domitec.ch\/wp-content\/uploads\/2026\/03\/Fauteuil-4-moteurs-Lazare-beige.png?fit=960%2C848&ssl=1&resize=700%2C400 2x"},"classes":[]},{"id":5385,"url":"https:\/\/domitec.ch\/?product=fauteuil-roulant-confort-protego","url_meta":{"origin":5436,"position":3},"title":"Fauteuil roulant confort Protego","author":"Cyril Hug","date":"21 novembre 2022","format":false,"excerpt":"Fauteuil roulant \"dolphin\" Largeur total de la chaise: largueur d'assise + 20,3 cm","rel":"","context":"Article similaire","block_context":{"text":"Article similaire","link":""},"img":{"alt_text":"","src":"https:\/\/i0.wp.com\/domitec.ch\/wp-content\/uploads\/2022\/11\/Fauteuil-confort1-2010005760-e1673341295468.jpg?fit=393%2C410&ssl=1&resize=350%2C200","width":350,"height":200},"classes":[]},{"id":5404,"url":"https:\/\/domitec.ch\/?product=fauteuil-roulant-confort-triton","url_meta":{"origin":5436,"position":4},"title":"Fauteuil roulant confort Triton","author":"Cyril Hug","date":"21 novembre 2022","format":false,"excerpt":"Fauteuil roulant \"dolphin\" Largeur total de la chaise: largueur d'assise + 20,3 cm","rel":"","context":"Article similaire","block_context":{"text":"Article similaire","link":""},"img":{"alt_text":"","src":"https:\/\/i0.wp.com\/domitec.ch\/wp-content\/uploads\/2023\/01\/Fauteuil-confort-Try-794162225-e1673341157152.jpg?fit=430%2C425&ssl=1&resize=350%2C200","width":350,"height":200},"classes":[]},{"id":7091,"url":"https:\/\/domitec.ch\/?product=fauteuil-roulant-electrique-eltego","url_meta":{"origin":5436,"position":5},"title":"Fauteuil roulant \u00e9lectrique Eltego","author":"Cyril Hug","date":"24 mars 2023","format":false,"excerpt":"Fauteuil roulant \u00e9lectrique Eltego Compact et maniable \u00e0 l\u2019int\u00e9rieur, adapt\u00e9 \u00e0 une utilisation dans l\u2019environnement de vie imm\u00e9diat Autonomie de 25 km","rel":"","context":"Article similaire","block_context":{"text":"Article similaire","link":""},"img":{"alt_text":"","src":"https:\/\/i0.wp.com\/domitec.ch\/wp-content\/uploads\/2023\/03\/FREEltego-e1679663204729.jpg?fit=426%2C437&ssl=1&resize=350%2C200","width":350,"height":200},"classes":[]}],"_links":{"self":[{"href":"https:\/\/domitec.ch\/index.php?rest_route=\/wp\/v2\/product\/5436","targetHints":{"allow":["GET"]}}],"collection":[{"href":"https:\/\/domitec.ch\/index.php?rest_route=\/wp\/v2\/product"}],"about":[{"href":"https:\/\/domitec.ch\/index.php?rest_route=\/wp\/v2\/types\/product"}],"wp:featuredmedia":[{"embeddable":true,"href":"https:\/\/domitec.ch\/index.php?rest_route=\/wp\/v2\/media\/8119"}],"wp:attachment":[{"href":"https:\/\/domitec.ch\/index.php?rest_route=%2Fwp%2Fv2%2Fmedia&parent=5436"}],"wp:term":[{"taxonomy":"product_brand","embeddable":true,"href":"https:\/\/domitec.ch\/index.php?rest_route=%2Fwp%2Fv2%2Fproduct_brand&post=5436"},{"taxonomy":"product_cat","embeddable":true,"href":"https:\/\/domitec.ch\/index.php?rest_route=%2Fwp%2Fv2%2Fproduct_cat&post=5436"},{"taxonomy":"product_tag","embeddable":true,"href":"https:\/\/domitec.ch\/index.php?rest_route=%2Fwp%2Fv2%2Fproduct_tag&post=5436"}],"curies":[{"name":"wp","href":"https:\/\/api.w.org\/{rel}","templated":true}]}}