{"id":4834,"date":"2022-09-29T19:07:38","date_gmt":"2022-09-29T17:07:38","guid":{"rendered":"https:\/\/domitec.ch\/?post_type=product&#038;p=4834"},"modified":"2025-10-03T15:26:42","modified_gmt":"2025-10-03T13:26:42","slug":"matelas-axtair-automorpho-plus","status":"publish","type":"product","link":"https:\/\/domitec.ch\/?product=matelas-axtair-automorpho-plus","title":{"rendered":"Matelas axtair automorpho Plus"},"content":{"rendered":"<p>Matelas \u00e0 air motoris\u00e9 pour patient \u00e0 risque d&rsquo;escarre(s) \u00ab moyen \u00e0 \u00e9lev\u00e9 \u00bb ou porteur d&rsquo;escarre(s) constitu\u00e9e(s) de stade 1 \u00e0 4 en zone d&rsquo;appui selon jugement clinique<br \/>\nPour patient alit\u00e9 plus de 15 heures par jour<br \/>\nPoids patient de\u00a030 \u00e0 165 Kg.<\/p>\n<p>Caract\u00e9ristiques:<\/p>\n<p>Matelas compos\u00e9 de 18 cellules de 12 cm de hauteur d&rsquo;air th\u00e9rapeutique et d&rsquo;un support en mousse de plus de 5 cm<br \/>\nVanne CPR d&rsquo;urgence<br \/>\nD\u00e9charges talonni\u00e8res de s\u00e9rie<br \/>\nMode transport avec une autonomie de 8 heures<br \/>\nSyst\u00e8me brevet\u00e9 de calcul automatique et continu de la pression de gonflage en fonction du morphotype patient<br \/>\n3 modes de fonctionnement: dynamique, statique basse pression et soins<br \/>\nGestion de la position assise<br \/>\nR\u00e9glage confort disponible quel que soit le mode utilis\u00e9 et la position du patient<br \/>\nAlarmes visuelles et sonores<br \/>\nNotice simplifi\u00e9e et QR code sur le c\u00f4t\u00e9 du compresseur<\/p>\n","protected":false},"excerpt":{"rendered":"<p>Matelas \u00e0 air motoris\u00e9 pour patient \u00e0 risque d&rsquo;escarre(s) \u00ab moyen \u00e0 \u00e9lev\u00e9 \u00bb ou porteur d&rsquo;escarre(s) constitu\u00e9e(s) de stade&hellip;<\/p>\n","protected":false},"featured_media":4831,"template":"","meta":{"_crdt_document":"","advanced_seo_description":"","jetpack_seo_html_title":"","jetpack_seo_noindex":false,"jetpack_publicize_message":"","jetpack_publicize_feature_enabled":true,"jetpack_social_post_already_shared":true,"jetpack_social_options":{"image_generator_settings":{"template":"highway","default_image_id":0,"font":"","enabled":false},"version":2}},"product_brand":[],"product_cat":[6597],"product_tag":[],"class_list":{"0":"post-4834","1":"product","2":"type-product","3":"status-publish","4":"has-post-thumbnail","6":"product_cat-matelas-a-air","7":"product_shipping_class-matelas-et-encombrant","9":"first","10":"instock","11":"taxable","12":"shipping-taxable","13":"purchasable","14":"product-type-simple"},"jetpack_publicize_connections":[],"jetpack_likes_enabled":true,"jetpack_sharing_enabled":true,"jetpack-related-posts":[{"id":4846,"url":"https:\/\/domitec.ch\/?product=matelas-axtair-xxl","url_meta":{"origin":4834,"position":0},"title":"MATELAS AXTAIR XXL","author":"Cyril Hug","date":"29 septembre 2022","format":false,"excerpt":"Matelas \u00e0 air motoris\u00e9 pour patient \u00e0 risque d'escarre(s) \u00ab\u00a0moyen \u00e0 \u00e9lev\u00e9\u00a0\u00bb ou porteur d'escarre(s) constitu\u00e9e(s) de\u00a0stade 1 \u00e0 4\u00a0en zone d'appui selon jugement clinique. Pour des patients de\u00a0100 \u00e0 270 Kg Largueur 120 ou 140 cm","rel":"","context":"Article similaire","block_context":{"text":"Article similaire","link":""},"img":{"alt_text":"","src":"https:\/\/i0.wp.com\/domitec.ch\/wp-content\/uploads\/2022\/09\/Matelas-air-Axtair-XXL-4286996704-e1673344371672.jpg?fit=662%2C565&ssl=1&resize=350%2C200","width":350,"height":200,"srcset":"https:\/\/i0.wp.com\/domitec.ch\/wp-content\/uploads\/2022\/09\/Matelas-air-Axtair-XXL-4286996704-e1673344371672.jpg?fit=662%2C565&ssl=1&resize=350%2C200 1x, https:\/\/i0.wp.com\/domitec.ch\/wp-content\/uploads\/2022\/09\/Matelas-air-Axtair-XXL-4286996704-e1673344371672.jpg?fit=662%2C565&ssl=1&resize=525%2C300 1.5x"},"classes":[]},{"id":4837,"url":"https:\/\/domitec.ch\/?product=matelas-axtair-automorpho-axensor","url_meta":{"origin":4834,"position":1},"title":"Matelas axtair automorpho Axensor","author":"Cyril Hug","date":"29 septembre 2022","format":false,"excerpt":"Gamme innovante et communicante de\u00a0 matelas \u00e0 air motoris\u00e9 pour patient \u00e0 risque d'escarre(s) \u00ab moyen \u00e0 \u00e9lev\u00e9\u00a0\u00bb ou porteur d'escarre(s) constitu\u00e9e(s) de\u00a0stade 1 \u00e0 4 en zone d'appui selon jugement clinique","rel":"","context":"Article similaire","block_context":{"text":"Article similaire","link":""},"img":{"alt_text":"","src":"https:\/\/i0.wp.com\/domitec.ch\/wp-content\/uploads\/2022\/09\/Matelas-air-one-2745370761-e1673343441918.jpg?fit=466%2C333&ssl=1&resize=350%2C200","width":350,"height":200},"classes":[]},{"id":4829,"url":"https:\/\/domitec.ch\/?product=matelas-axtair-one","url_meta":{"origin":4834,"position":2},"title":"Surmatelas Axtair One","author":"Cyril Hug","date":"29 septembre 2022","format":false,"excerpt":"Matelas \u00e0 air motoris\u00e9 pour patient \u00e0 risque d'escarre(s) \"Moyen \u00e0 \u00e9lev\u00e9\" Aide au traitement des escarres de stade 1 \u00e0 2 en zone d'appui selon le jugement clinique Dimensions 195 x 87 x 17 cm Poids patients de 30 \u00e0 110kg CARACT\u00c9RISTIQUES PRINCIPALES : Air altern\u00e9 avec 18 cellules\u2026","rel":"","context":"Article similaire","block_context":{"text":"Article similaire","link":""},"img":{"alt_text":"","src":"https:\/\/i0.wp.com\/domitec.ch\/wp-content\/uploads\/2022\/09\/Matelas-air-one-2745370761-e1673343441918.jpg?fit=466%2C333&ssl=1&resize=350%2C200","width":350,"height":200},"classes":[]},{"id":4880,"url":"https:\/\/domitec.ch\/?product=matelas-stratair","url_meta":{"origin":4834,"position":3},"title":"Matelas Strat&rsquo;Air","author":"Cyril Hug","date":"30 septembre 2022","format":false,"excerpt":"Matelas Strat'Air Aide \u00e0 la pr\u00e9vention d'escarre(s) pour patient \u00e0\u00a0risque moyen \u00e0 \u00e9lev\u00e9 Aide au traitement d'escarre(s) de\u00a0stade 1 \u00e0 2 Poids patient de 30 \u00e0 120 Kg Ergonomie: la conjonction de mat\u00e9riaux dynamiques facilite la mobilisation des personnes, notamment pour les sorties du lit Confort: r\u00e9seau interne de circulation\u2026","rel":"","context":"Article similaire","block_context":{"text":"Article similaire","link":""},"img":{"alt_text":"","src":"https:\/\/i0.wp.com\/domitec.ch\/wp-content\/uploads\/2022\/09\/Matelas-Stratair-2229117944-e1680075810158.jpg?fit=726%2C557&ssl=1&resize=350%2C200","width":350,"height":200,"srcset":"https:\/\/i0.wp.com\/domitec.ch\/wp-content\/uploads\/2022\/09\/Matelas-Stratair-2229117944-e1680075810158.jpg?fit=726%2C557&ssl=1&resize=350%2C200 1x, https:\/\/i0.wp.com\/domitec.ch\/wp-content\/uploads\/2022\/09\/Matelas-Stratair-2229117944-e1680075810158.jpg?fit=726%2C557&ssl=1&resize=525%2C300 1.5x, https:\/\/i0.wp.com\/domitec.ch\/wp-content\/uploads\/2022\/09\/Matelas-Stratair-2229117944-e1680075810158.jpg?fit=726%2C557&ssl=1&resize=700%2C400 2x"},"classes":[]},{"id":4877,"url":"https:\/\/domitec.ch\/?product=matelas-alova-xxl","url_meta":{"origin":4834,"position":4},"title":"Matelas Alova XXL","author":"Cyril Hug","date":"29 septembre 2022","format":false,"excerpt":"Aide \u00e0 la pr\u00e9vention d'escarre(s) pour patient \u00e0 risque moyen \u00e0 \u00e9lev\u00e9, alit\u00e9 plus de 15 heures par jour","rel":"","context":"Article similaire","block_context":{"text":"Article similaire","link":""},"img":{"alt_text":"","src":"https:\/\/i0.wp.com\/domitec.ch\/wp-content\/uploads\/2022\/09\/Matelas-XL-2905676883-e1680080769174.jpg?fit=773%2C566&ssl=1&resize=350%2C200","width":350,"height":200,"srcset":"https:\/\/i0.wp.com\/domitec.ch\/wp-content\/uploads\/2022\/09\/Matelas-XL-2905676883-e1680080769174.jpg?fit=773%2C566&ssl=1&resize=350%2C200 1x, https:\/\/i0.wp.com\/domitec.ch\/wp-content\/uploads\/2022\/09\/Matelas-XL-2905676883-e1680080769174.jpg?fit=773%2C566&ssl=1&resize=525%2C300 1.5x, https:\/\/i0.wp.com\/domitec.ch\/wp-content\/uploads\/2022\/09\/Matelas-XL-2905676883-e1680080769174.jpg?fit=773%2C566&ssl=1&resize=700%2C400 2x"},"classes":[]},{"id":4884,"url":"https:\/\/domitec.ch\/?product=matelas-aplot","url_meta":{"origin":4834,"position":5},"title":"Matelas Aplot","author":"Cyril Hug","date":"30 septembre 2022","format":false,"excerpt":"Aide \u00e0 la pr\u00e9vention d'escarre(s) pour patient \u00e0 risque\u00a0faible \u00e0 moyen, alit\u00e9 de 10 \u00e0 15 heures par jour. Aide au traitement d'escarre(s) de\u00a0stade 1 \u00e0 2\u00a0associ\u00e9 \u00e0 un syst\u00e8me de d\u00e9charge localis\u00e9e ou de positionnement. Poids patient de\u00a040 \u00e0 120 Kg Duret\u00e9 matelas: souple Caract\u00e9ristiques: Matelas en mousse de\u2026","rel":"","context":"Article similaire","block_context":{"text":"Article similaire","link":""},"img":{"alt_text":"","src":"https:\/\/i0.wp.com\/domitec.ch\/wp-content\/uploads\/2022\/09\/Matelas-aplot-3290331606-e1680075799811.jpg?fit=842%2C669&ssl=1&resize=350%2C200","width":350,"height":200,"srcset":"https:\/\/i0.wp.com\/domitec.ch\/wp-content\/uploads\/2022\/09\/Matelas-aplot-3290331606-e1680075799811.jpg?fit=842%2C669&ssl=1&resize=350%2C200 1x, https:\/\/i0.wp.com\/domitec.ch\/wp-content\/uploads\/2022\/09\/Matelas-aplot-3290331606-e1680075799811.jpg?fit=842%2C669&ssl=1&resize=525%2C300 1.5x, https:\/\/i0.wp.com\/domitec.ch\/wp-content\/uploads\/2022\/09\/Matelas-aplot-3290331606-e1680075799811.jpg?fit=842%2C669&ssl=1&resize=700%2C400 2x"},"classes":[]}],"_links":{"self":[{"href":"https:\/\/domitec.ch\/index.php?rest_route=\/wp\/v2\/product\/4834","targetHints":{"allow":["GET"]}}],"collection":[{"href":"https:\/\/domitec.ch\/index.php?rest_route=\/wp\/v2\/product"}],"about":[{"href":"https:\/\/domitec.ch\/index.php?rest_route=\/wp\/v2\/types\/product"}],"wp:featuredmedia":[{"embeddable":true,"href":"https:\/\/domitec.ch\/index.php?rest_route=\/wp\/v2\/media\/4831"}],"wp:attachment":[{"href":"https:\/\/domitec.ch\/index.php?rest_route=%2Fwp%2Fv2%2Fmedia&parent=4834"}],"wp:term":[{"taxonomy":"product_brand","embeddable":true,"href":"https:\/\/domitec.ch\/index.php?rest_route=%2Fwp%2Fv2%2Fproduct_brand&post=4834"},{"taxonomy":"product_cat","embeddable":true,"href":"https:\/\/domitec.ch\/index.php?rest_route=%2Fwp%2Fv2%2Fproduct_cat&post=4834"},{"taxonomy":"product_tag","embeddable":true,"href":"https:\/\/domitec.ch\/index.php?rest_route=%2Fwp%2Fv2%2Fproduct_tag&post=4834"}],"curies":[{"name":"wp","href":"https:\/\/api.w.org\/{rel}","templated":true}]}}

<p>Matelas à air motorisé pour patient à risque d&rsquo;escarre(s) « moyen à élevé » ou porteur d&rsquo;escarre(s) constituée(s) de stade 1 à 4 en zone d&rsquo;appui selon jugement clinique<br />
Pour patient alité plus de 15 heures par jour<br />
Poids patient de 30 à 165 Kg.</p>
<p>Caractéristiques:</p>
<p>Matelas composé de 18 cellules de 12 cm de hauteur d&rsquo;air thérapeutique et d&rsquo;un support en mousse de plus de 5 cm<br />
Vanne CPR d&rsquo;urgence<br />
Décharges talonnières de série<br />
Mode transport avec une autonomie de 8 heures<br />
Système breveté de calcul automatique et continu de la pression de gonflage en fonction du morphotype patient<br />
3 modes de fonctionnement: dynamique, statique basse pression et soins<br />
Gestion de la position assise<br />
Réglage confort disponible quel que soit le mode utilisé et la position du patient<br />
Alarmes visuelles et sonores<br />
Notice simplifiée et QR code sur le côté du compresseur</p>

<p>Matelas à air motorisé pour patient à risque d&rsquo;escarre(s) « moyen à élevé » ou porteur d&rsquo;escarre(s) constituée(s) de stade&hellip;</p>

Matelas à air motorisé pour patient à risque d'escarre(s) « moyen à élevé » ou porteur d'escarre(s) constituée(s) de stade 1 à 4 en zone d'appui selon jugement clinique. Pour des patients de 100 à 270 Kg Largueur 120 ou 140 cm

Gamme innovante et communicante de  matelas à air motorisé pour patient à risque d'escarre(s) « moyen à élevé » ou porteur d'escarre(s) constituée(s) de stade 1 à 4 en zone d'appui selon jugement clinique

Matelas à air motorisé pour patient à risque d'escarre(s) "Moyen à élevé" Aide au traitement des escarres de stade 1 à 2 en zone d'appui selon le jugement clinique Dimensions 195 x 87 x 17 cm Poids patients de 30 à 110kg CARACTÉRISTIQUES PRINCIPALES : Air alterné avec 18 cellules…

Matelas Strat'Air Aide à la prévention d'escarre(s) pour patient à risque moyen à élevé Aide au traitement d'escarre(s) de stade 1 à 2 Poids patient de 30 à 120 Kg Ergonomie: la conjonction de matériaux dynamiques facilite la mobilisation des personnes, notamment pour les sorties du lit Confort: réseau interne de circulation…

Aide à la prévention d'escarre(s) pour patient à risque moyen à élevé, alité plus de 15 heures par jour

Aide à la prévention d'escarre(s) pour patient à risque faible à moyen, alité de 10 à 15 heures par jour. Aide au traitement d'escarre(s) de stade 1 à 2 associé à un système de décharge localisée ou de positionnement. Poids patient de 40 à 120 Kg Dureté matelas: souple Caractéristiques: Matelas en mousse de…
