{"id":4632,"date":"2022-09-28T09:52:48","date_gmt":"2022-09-28T07:52:48","guid":{"rendered":"https:\/\/domitec.ch\/?post_type=product&#038;p=4632"},"modified":"2025-05-27T10:27:42","modified_gmt":"2025-05-27T08:27:42","slug":"ouvre-bouteille-antiderapand","status":"publish","type":"product","link":"https:\/\/domitec.ch\/?product=ouvre-bouteille-antiderapand","title":{"rendered":"Ouvre bouteille antid\u00e9rapant"},"content":{"rendered":"<p>Ouvre-bouteille Grip -it pratique en plastique souple antid\u00e9rapant s&rsquo;adapte \u00e0 la taille du bouchon de la bouteille<br \/>\nL&rsquo;ouverture est consid\u00e9rablement simplifi\u00e9e et peut \u00eatre r\u00e9alis\u00e9e avec une r\u00e9duction de la force et de la douleur<\/p>\n<p>Diam\u00e8tre 6 cm<\/p>\n","protected":false},"excerpt":{"rendered":"<p>Ouvre-bouteille Grip -it pratique en plastique souple antid\u00e9rapant s&rsquo;adapte \u00e0 la taille du bouchon de la bouteille<\/p>\n","protected":false},"featured_media":4644,"template":"","meta":{"_crdt_document":"","advanced_seo_description":"","jetpack_seo_html_title":"","jetpack_seo_noindex":false,"jetpack_post_was_ever_published":false,"jetpack_publicize_message":"","jetpack_publicize_feature_enabled":true,"jetpack_social_post_already_shared":true,"jetpack_social_options":{"image_generator_settings":{"template":"highway","default_image_id":0,"font":"","enabled":false},"version":2}},"product_brand":[],"product_cat":[6389],"product_tag":[],"class_list":{"0":"post-4632","1":"product","2":"type-product","3":"status-publish","4":"has-post-thumbnail","6":"product_cat-antiglisse","7":"product_shipping_class-poste-petit-paquet","9":"first","10":"instock","11":"taxable","12":"shipping-taxable","13":"purchasable","14":"product-type-simple"},"jetpack_publicize_connections":[],"jetpack_likes_enabled":false,"jetpack_sharing_enabled":false,"jetpack-related-posts":[{"id":4649,"url":"https:\/\/domitec.ch\/?product=ouvre-flacon","url_meta":{"origin":4632,"position":0},"title":"Ouvre flacon","author":"Cyril Hug","date":"28 septembre 2022","format":false,"excerpt":"Pratique pour ouvrir les verrous de s\u00e9curit\u00e9","rel":"","context":"Article similaire","block_context":{"text":"Article similaire","link":""},"img":{"alt_text":"","src":"","width":0,"height":0},"classes":[]},{"id":4685,"url":"https:\/\/domitec.ch\/?product=ance-pour-bouteille-en-pet","url_meta":{"origin":4632,"position":1},"title":"Ance pour bouteille en PET","author":"Cyril Hug","date":"28 septembre 2022","format":false,"excerpt":"Ance pour bouteille en PET","rel":"","context":"Article similaire","block_context":{"text":"Article similaire","link":""},"img":{"alt_text":"","src":"https:\/\/i0.wp.com\/domitec.ch\/wp-content\/uploads\/2022\/09\/Ance-867019741-1664358406317.jpg?fit=409%2C365&ssl=1&resize=350%2C200","width":350,"height":200},"classes":[]},{"id":4645,"url":"https:\/\/domitec.ch\/?product=ouvre-courvercle-antiderapant","url_meta":{"origin":4632,"position":2},"title":"Ouvre courvercle antid\u00e9rapant","author":"Cyril Hug","date":"28 septembre 2022","format":false,"excerpt":"Ce capuchon souple s'adapte \u00e0 la taille de l'objet pour aider \u00e0 son ouverturee.","rel":"","context":"Article similaire","block_context":{"text":"Article similaire","link":""},"img":{"alt_text":"","src":"https:\/\/i0.wp.com\/domitec.ch\/wp-content\/uploads\/2022\/09\/Ouvre-bouteille-bleu-1940428633-e1680080874377.jpg?fit=408%2C345&ssl=1&resize=350%2C200","width":350,"height":200},"classes":[]},{"id":4681,"url":"https:\/\/domitec.ch\/?product=ouvre-bouchon-pour-brique-de-lait","url_meta":{"origin":4632,"position":3},"title":"Ouvre bouchon pour brique de lait","author":"Cyril Hug","date":"28 septembre 2022","format":false,"excerpt":"Ouvre bouchon pour brique de lait, jus de fruits...","rel":"","context":"Article similaire","block_context":{"text":"Article similaire","link":""},"img":{"alt_text":"","src":"","width":0,"height":0},"classes":[]},{"id":4652,"url":"https:\/\/domitec.ch\/?product=ouvre-couvercle-pour-bocaux","url_meta":{"origin":4632,"position":4},"title":"Ouvre couvercle pour bocaux","author":"Cyril Hug","date":"28 septembre 2022","format":false,"excerpt":"Ouvre couvercle pour bocaux","rel":"","context":"Article similaire","block_context":{"text":"Article similaire","link":""},"img":{"alt_text":"","src":"","width":0,"height":0},"classes":[]},{"id":4616,"url":"https:\/\/domitec.ch\/?product=rouleaux-antiderapants","url_meta":{"origin":4632,"position":5},"title":"Rouleaux antid\u00e9rapants","author":"Cyril Hug","date":"28 septembre 2022","format":false,"excerpt":"Rouleaux antid\u00e9rapants","rel":"","context":"Article similaire","block_context":{"text":"Article similaire","link":""},"img":{"alt_text":"","src":"https:\/\/i0.wp.com\/domitec.ch\/wp-content\/uploads\/2022\/09\/Rouleau-bleu.jpg?fit=986%2C685&ssl=1&resize=350%2C200","width":350,"height":200,"srcset":"https:\/\/i0.wp.com\/domitec.ch\/wp-content\/uploads\/2022\/09\/Rouleau-bleu.jpg?fit=986%2C685&ssl=1&resize=350%2C200 1x, https:\/\/i0.wp.com\/domitec.ch\/wp-content\/uploads\/2022\/09\/Rouleau-bleu.jpg?fit=986%2C685&ssl=1&resize=525%2C300 1.5x, https:\/\/i0.wp.com\/domitec.ch\/wp-content\/uploads\/2022\/09\/Rouleau-bleu.jpg?fit=986%2C685&ssl=1&resize=700%2C400 2x"},"classes":[]}],"_links":{"self":[{"href":"https:\/\/domitec.ch\/index.php?rest_route=\/wp\/v2\/product\/4632","targetHints":{"allow":["GET"]}}],"collection":[{"href":"https:\/\/domitec.ch\/index.php?rest_route=\/wp\/v2\/product"}],"about":[{"href":"https:\/\/domitec.ch\/index.php?rest_route=\/wp\/v2\/types\/product"}],"wp:featuredmedia":[{"embeddable":true,"href":"https:\/\/domitec.ch\/index.php?rest_route=\/wp\/v2\/media\/4644"}],"wp:attachment":[{"href":"https:\/\/domitec.ch\/index.php?rest_route=%2Fwp%2Fv2%2Fmedia&parent=4632"}],"wp:term":[{"taxonomy":"product_brand","embeddable":true,"href":"https:\/\/domitec.ch\/index.php?rest_route=%2Fwp%2Fv2%2Fproduct_brand&post=4632"},{"taxonomy":"product_cat","embeddable":true,"href":"https:\/\/domitec.ch\/index.php?rest_route=%2Fwp%2Fv2%2Fproduct_cat&post=4632"},{"taxonomy":"product_tag","embeddable":true,"href":"https:\/\/domitec.ch\/index.php?rest_route=%2Fwp%2Fv2%2Fproduct_tag&post=4632"}],"curies":[{"name":"wp","href":"https:\/\/api.w.org\/{rel}","templated":true}]}}