{"id":4616,"date":"2022-09-28T09:21:29","date_gmt":"2022-09-28T07:21:29","guid":{"rendered":"https:\/\/domitec.ch\/?post_type=product&#038;p=4616"},"modified":"2025-05-27T10:27:51","modified_gmt":"2025-05-27T08:27:51","slug":"rouleaux-antiderapants","status":"publish","type":"product","link":"https:\/\/domitec.ch\/?product=rouleaux-antiderapants","title":{"rendered":"Rouleaux antid\u00e9rapants"},"content":{"rendered":"<p>Rouleaux antid\u00e9rapants<br \/>\nTaille: largueur, longueur (\u00e9paisseur 0.5mm)<\/p>\n<p>Couleurs: Bleu, rouge<\/p>\n<p>Autres couleurs sur demande<\/p>\n","protected":false},"excerpt":{"rendered":"<p>Rouleaux antid\u00e9rapants<\/p>\n","protected":false},"featured_media":4620,"template":"","meta":{"_crdt_document":"","advanced_seo_description":"","jetpack_seo_html_title":"","jetpack_seo_noindex":false,"jetpack_post_was_ever_published":false,"jetpack_publicize_message":"","jetpack_publicize_feature_enabled":true,"jetpack_social_post_already_shared":true,"jetpack_social_options":{"image_generator_settings":{"template":"highway","default_image_id":0,"font":"","enabled":false},"version":2}},"product_brand":[],"product_cat":[6389],"product_tag":[],"class_list":{"0":"post-4616","1":"product","2":"type-product","3":"status-publish","4":"has-post-thumbnail","6":"product_cat-antiglisse","7":"product_shipping_class-poste-normal","9":"first","10":"instock","11":"taxable","12":"shipping-taxable","13":"purchasable","14":"product-type-variable"},"jetpack_publicize_connections":[],"jetpack_likes_enabled":false,"jetpack_sharing_enabled":false,"jetpack-related-posts":[{"id":7296,"url":"https:\/\/domitec.ch\/?product=bandelettes-antiderapantes","url_meta":{"origin":4616,"position":0},"title":"Bandelettes antid\u00e9rapantes","author":"Cyril Hug","date":"9 avril 2023","format":false,"excerpt":"Bandelettes antid\u00e9rapantes \u00e0 coller au fond de votre baignoire, douche, sur le sol, etc...","rel":"","context":"Article similaire","block_context":{"text":"Article similaire","link":""},"img":{"alt_text":"","src":"https:\/\/i0.wp.com\/domitec.ch\/wp-content\/uploads\/2023\/04\/Bandelettes-antiderapantes.jpg?fit=465%2C433&ssl=1&resize=350%2C200","width":350,"height":200},"classes":[]},{"id":4632,"url":"https:\/\/domitec.ch\/?product=ouvre-bouteille-antiderapand","url_meta":{"origin":4616,"position":1},"title":"Ouvre bouteille antid\u00e9rapant","author":"Cyril Hug","date":"28 septembre 2022","format":false,"excerpt":"Ouvre-bouteille Grip -it pratique en plastique souple antid\u00e9rapant s'adapte \u00e0 la taille du bouchon de la bouteille","rel":"","context":"Article similaire","block_context":{"text":"Article similaire","link":""},"img":{"alt_text":"","src":"https:\/\/i0.wp.com\/domitec.ch\/wp-content\/uploads\/2022\/09\/Ouvre-bouteille.jpg?fit=556%2C502&ssl=1&resize=350%2C200","width":350,"height":200,"srcset":"https:\/\/i0.wp.com\/domitec.ch\/wp-content\/uploads\/2022\/09\/Ouvre-bouteille.jpg?fit=556%2C502&ssl=1&resize=350%2C200 1x, https:\/\/i0.wp.com\/domitec.ch\/wp-content\/uploads\/2022\/09\/Ouvre-bouteille.jpg?fit=556%2C502&ssl=1&resize=525%2C300 1.5x"},"classes":[]},{"id":4645,"url":"https:\/\/domitec.ch\/?product=ouvre-courvercle-antiderapant","url_meta":{"origin":4616,"position":2},"title":"Ouvre courvercle antid\u00e9rapant","author":"Cyril Hug","date":"28 septembre 2022","format":false,"excerpt":"Ce capuchon souple s'adapte \u00e0 la taille de l'objet pour aider \u00e0 son ouverturee.","rel":"","context":"Article similaire","block_context":{"text":"Article similaire","link":""},"img":{"alt_text":"","src":"https:\/\/i0.wp.com\/domitec.ch\/wp-content\/uploads\/2022\/09\/Ouvre-bouteille-bleu-1940428633-e1680080874377.jpg?fit=408%2C345&ssl=1&resize=350%2C200","width":350,"height":200},"classes":[]},{"id":8254,"url":"https:\/\/domitec.ch\/?product=tapis-de-douche-et-bain","url_meta":{"origin":4616,"position":3},"title":"Tapis de douche et bain","author":"Cyril Hug","date":"15 octobre 2023","format":false,"excerpt":"Tapis de bain et de douche antid\u00e9rapants Sure Tread","rel":"","context":"Article similaire","block_context":{"text":"Article similaire","link":""},"img":{"alt_text":"","src":"https:\/\/i0.wp.com\/domitec.ch\/wp-content\/uploads\/2023\/10\/Tapis-douche-et-bain-e1697358047510.jpg?fit=506%2C428&ssl=1&resize=350%2C200","width":350,"height":200},"classes":[]},{"id":4683,"url":"https:\/\/domitec.ch\/?product=ouvre-couvercle-pour-bocaux-2","url_meta":{"origin":4616,"position":4},"title":"Ouvre couvercle pour bocaux","author":"Cyril Hug","date":"28 septembre 2022","format":false,"excerpt":"Ouvre couvercle\u00a0Brix pour bocaux","rel":"","context":"Article similaire","block_context":{"text":"Article similaire","link":""},"img":{"alt_text":"","src":"","width":0,"height":0},"classes":[]},{"id":2545,"url":"https:\/\/domitec.ch\/?product=rampe-en-aluminium","url_meta":{"origin":4616,"position":5},"title":"Rampe en aluminium SC","author":"Cyril Hug","date":"1 juillet 2022","format":false,"excerpt":"Rampe simple en aluminium avec surface nervur\u00e9e antid\u00e9rapante Pliable dans le sens de la longueur avec poign\u00e9e pour transport","rel":"","context":"Article similaire","block_context":{"text":"Article similaire","link":""},"img":{"alt_text":"","src":"https:\/\/i0.wp.com\/domitec.ch\/wp-content\/uploads\/2022\/07\/L5a.jpg?fit=496%2C296&ssl=1&resize=350%2C200","width":350,"height":200},"classes":[]}],"_links":{"self":[{"href":"https:\/\/domitec.ch\/index.php?rest_route=\/wp\/v2\/product\/4616","targetHints":{"allow":["GET"]}}],"collection":[{"href":"https:\/\/domitec.ch\/index.php?rest_route=\/wp\/v2\/product"}],"about":[{"href":"https:\/\/domitec.ch\/index.php?rest_route=\/wp\/v2\/types\/product"}],"wp:featuredmedia":[{"embeddable":true,"href":"https:\/\/domitec.ch\/index.php?rest_route=\/wp\/v2\/media\/4620"}],"wp:attachment":[{"href":"https:\/\/domitec.ch\/index.php?rest_route=%2Fwp%2Fv2%2Fmedia&parent=4616"}],"wp:term":[{"taxonomy":"product_brand","embeddable":true,"href":"https:\/\/domitec.ch\/index.php?rest_route=%2Fwp%2Fv2%2Fproduct_brand&post=4616"},{"taxonomy":"product_cat","embeddable":true,"href":"https:\/\/domitec.ch\/index.php?rest_route=%2Fwp%2Fv2%2Fproduct_cat&post=4616"},{"taxonomy":"product_tag","embeddable":true,"href":"https:\/\/domitec.ch\/index.php?rest_route=%2Fwp%2Fv2%2Fproduct_tag&post=4616"}],"curies":[{"name":"wp","href":"https:\/\/api.w.org\/{rel}","templated":true}]}}