{"id":4270,"date":"2022-09-26T00:02:55","date_gmt":"2022-09-25T22:02:55","guid":{"rendered":"https:\/\/domitec.ch\/?post_type=product&#038;p=4270"},"modified":"2025-05-27T16:56:51","modified_gmt":"2025-05-27T14:56:51","slug":"rollator-kudu","status":"publish","type":"product","link":"https:\/\/domitec.ch\/?product=rollator-kudu","title":{"rendered":"Rollator Kudu"},"content":{"rendered":"<p>Rollator Kudu<br \/>\nCadre en aluminium, \u00e9quip\u00e9 d\u2019une sangle dorsale, livr\u00e9 avec un sac en nylon et un porte canne<br \/>\nSi\u00e8ge en nylon r\u00e9sistant \u00e0 la d\u00e9chirure<br \/>\nSe plie sur le c\u00f4t\u00e9 (les poign\u00e9es se rejoignent) et r\u00e9duit l\u2019espace pour le rangement<br \/>\nConvient \u00e0 l&rsquo;ext\u00e9rieur et \u00e0 l&rsquo;int\u00e9rieur<\/p>\n<p>Couleur noire et argent\u00e9e<br \/>\n3 hauteur d&rsquo;assise 48 cm, 55 cm et 65 cm<\/p>\n<p>Assise 48 cm : Hauteur poign\u00e9es de 69 \u00e0 80 cm<br \/>\nAssise 57 cm : Hauteur poign\u00e9es de 79 \u00e0 88 cm<br \/>\nAssise 65 cm : Hauteur poign\u00e9es de 80 \u00e0 98 cm<br \/>\nLargeur d&rsquo;assise 45 cm<br \/>\nCouleur noire et argent\u00e9e<br \/>\nDiam\u00e8tre des roues de 200 x 35 mm<br \/>\nPoids 7,7 \u00e0 8,0 kg<br \/>\nCharge max panier: 5 kg<br \/>\nCharge max 150 kg<\/p>\n","protected":false},"excerpt":{"rendered":"<p>Rollator avec cadre en aluminium<br \/>\nEquip\u00e9 d&rsquo;une sangle dorsale et livr\u00e9 avec un sac amovible en nylon<\/p>\n","protected":false},"featured_media":4283,"template":"","meta":{"_crdt_document":"","advanced_seo_description":"","jetpack_seo_html_title":"","jetpack_seo_noindex":false,"jetpack_publicize_message":"","jetpack_publicize_feature_enabled":true,"jetpack_social_post_already_shared":true,"jetpack_social_options":{"image_generator_settings":{"template":"highway","default_image_id":0,"font":"","enabled":false},"version":2}},"product_brand":[],"product_cat":[6371],"product_tag":[],"class_list":{"0":"post-4270","1":"product","2":"type-product","3":"status-publish","4":"has-post-thumbnail","6":"product_cat-af-rollator","7":"product_shipping_class-poste-grand-paquet","9":"first","10":"instock","11":"taxable","12":"shipping-taxable","13":"purchasable","14":"product-type-variable"},"jetpack_publicize_connections":[],"jetpack_likes_enabled":false,"jetpack_sharing_enabled":false,"jetpack-related-posts":[{"id":4321,"url":"https:\/\/domitec.ch\/?product=rollator-leopard","url_meta":{"origin":4270,"position":0},"title":"Rollator L\u00e9opard","author":"Cyril Hug","date":"26 septembre 2022","format":false,"excerpt":"!!! Mod\u00e8le recommand\u00e9 !!! Rollator avec cadre en aluminium Equip\u00e9 d'une sangle dorsale et livr\u00e9 avec un sac amovible en nylon","rel":"","context":"Article similaire","block_context":{"text":"Article similaire","link":""},"img":{"alt_text":"","src":"https:\/\/i0.wp.com\/domitec.ch\/wp-content\/uploads\/2022\/09\/Rollator-Leopard.png?fit=896%2C881&ssl=1&resize=350%2C200","width":350,"height":200,"srcset":"https:\/\/i0.wp.com\/domitec.ch\/wp-content\/uploads\/2022\/09\/Rollator-Leopard.png?fit=896%2C881&ssl=1&resize=350%2C200 1x, https:\/\/i0.wp.com\/domitec.ch\/wp-content\/uploads\/2022\/09\/Rollator-Leopard.png?fit=896%2C881&ssl=1&resize=525%2C300 1.5x, https:\/\/i0.wp.com\/domitec.ch\/wp-content\/uploads\/2022\/09\/Rollator-Leopard.png?fit=896%2C881&ssl=1&resize=700%2C400 2x"},"classes":[]},{"id":4344,"url":"https:\/\/domitec.ch\/?product=rollator-lion-xl","url_meta":{"origin":4270,"position":1},"title":"Rollator Lion XL","author":"Cyril Hug","date":"26 septembre 2022","format":false,"excerpt":"Rollator Lion XL Avec cadre en aluminium, \u00e9quip\u00e9 d\u2019une sangle dorsale, livr\u00e9 avec un sac en nylon et un porte canne","rel":"","context":"Article similaire","block_context":{"text":"Article similaire","link":""},"img":{"alt_text":"","src":"https:\/\/i0.wp.com\/domitec.ch\/wp-content\/uploads\/2022\/09\/Lion-gris-3958203730-1664181328424.jpg?fit=472%2C526&ssl=1&resize=350%2C200","width":350,"height":200},"classes":[]},{"id":4369,"url":"https:\/\/domitec.ch\/?product=rollator-gepard-carbone","url_meta":{"origin":4270,"position":2},"title":"Rollator G\u00e9pard carbone","author":"Cyril Hug","date":"26 septembre 2022","format":false,"excerpt":"Rollator avec cadre en fibre de carbone Ultra l\u00e9ger, Existe en version XL (charge max 200kg)","rel":"","context":"Article similaire","block_context":{"text":"Article similaire","link":""},"img":{"alt_text":"","src":"https:\/\/i0.wp.com\/domitec.ch\/wp-content\/uploads\/2022\/09\/Gepard-carbon-HD-455867153-1664227110390.jpg?fit=524%2C572&ssl=1&resize=350%2C200","width":350,"height":200},"classes":[]},{"id":4399,"url":"https:\/\/domitec.ch\/?product=rollator-panther","url_meta":{"origin":4270,"position":3},"title":"Rollator Panther","author":"Cyril Hug","date":"26 septembre 2022","format":false,"excerpt":"Rollator Panther 2 hauteurs d\u2019assise: 55 et 62 cm Convient \u00e0 l\u2019ext\u00e9rieur comme \u00e0 l\u2019int\u00e9rieur","rel":"","context":"Article similaire","block_context":{"text":"Article similaire","link":""},"img":{"alt_text":"","src":"https:\/\/i0.wp.com\/domitec.ch\/wp-content\/uploads\/2022\/09\/Rollator-Panther2.png?fit=806%2C807&ssl=1&resize=350%2C200","width":350,"height":200,"srcset":"https:\/\/i0.wp.com\/domitec.ch\/wp-content\/uploads\/2022\/09\/Rollator-Panther2.png?fit=806%2C807&ssl=1&resize=350%2C200 1x, https:\/\/i0.wp.com\/domitec.ch\/wp-content\/uploads\/2022\/09\/Rollator-Panther2.png?fit=806%2C807&ssl=1&resize=525%2C300 1.5x, https:\/\/i0.wp.com\/domitec.ch\/wp-content\/uploads\/2022\/09\/Rollator-Panther2.png?fit=806%2C807&ssl=1&resize=700%2C400 2x"},"classes":[]},{"id":4395,"url":"https:\/\/domitec.ch\/?product=rollator-elephant-air","url_meta":{"origin":4270,"position":4},"title":"Rollator Panda Comfort","author":"Cyril Hug","date":"26 septembre 2022","format":false,"excerpt":"Nouveau rollator l\u00e9ger Panda Comfort Cadre en aluminium bleu fonc\u00e9 avec ceinture dorsale Se plie facilement sur le c\u00f4t\u00e9 et facile \u00e0 transporter Le si\u00e8ge en nylon robuste et durable Sac de courses ferm\u00e9 est mont\u00e9 sur le devant, avec deux poign\u00e9es","rel":"","context":"Article similaire","block_context":{"text":"Article similaire","link":""},"img":{"alt_text":"","src":"https:\/\/i0.wp.com\/domitec.ch\/wp-content\/uploads\/2022\/09\/panda-comfort-e1708451069885.png?fit=608%2C581&ssl=1&resize=350%2C200","width":350,"height":200,"srcset":"https:\/\/i0.wp.com\/domitec.ch\/wp-content\/uploads\/2022\/09\/panda-comfort-e1708451069885.png?fit=608%2C581&ssl=1&resize=350%2C200 1x, https:\/\/i0.wp.com\/domitec.ch\/wp-content\/uploads\/2022\/09\/panda-comfort-e1708451069885.png?fit=608%2C581&ssl=1&resize=525%2C300 1.5x"},"classes":[]},{"id":4408,"url":"https:\/\/domitec.ch\/?product=rollator-leopard-rolloguard","url_meta":{"origin":4270,"position":5},"title":"Rollator brake system","author":"Cyril Hug","date":"26 septembre 2022","format":false,"excerpt":"Rollator avec syst\u00e8me RolloGuard qui freine, ralenti le rollator si un mouvement brusque est effectu\u00e9","rel":"","context":"Article similaire","block_context":{"text":"Article similaire","link":""},"img":{"alt_text":"","src":"https:\/\/i0.wp.com\/domitec.ch\/wp-content\/uploads\/2022\/09\/Leopard-brake-477177134-e1680080937576.jpg?fit=602%2C674&ssl=1&resize=350%2C200","width":350,"height":200,"srcset":"https:\/\/i0.wp.com\/domitec.ch\/wp-content\/uploads\/2022\/09\/Leopard-brake-477177134-e1680080937576.jpg?fit=602%2C674&ssl=1&resize=350%2C200 1x, https:\/\/i0.wp.com\/domitec.ch\/wp-content\/uploads\/2022\/09\/Leopard-brake-477177134-e1680080937576.jpg?fit=602%2C674&ssl=1&resize=525%2C300 1.5x"},"classes":[]}],"_links":{"self":[{"href":"https:\/\/domitec.ch\/index.php?rest_route=\/wp\/v2\/product\/4270","targetHints":{"allow":["GET"]}}],"collection":[{"href":"https:\/\/domitec.ch\/index.php?rest_route=\/wp\/v2\/product"}],"about":[{"href":"https:\/\/domitec.ch\/index.php?rest_route=\/wp\/v2\/types\/product"}],"wp:featuredmedia":[{"embeddable":true,"href":"https:\/\/domitec.ch\/index.php?rest_route=\/wp\/v2\/media\/4283"}],"wp:attachment":[{"href":"https:\/\/domitec.ch\/index.php?rest_route=%2Fwp%2Fv2%2Fmedia&parent=4270"}],"wp:term":[{"taxonomy":"product_brand","embeddable":true,"href":"https:\/\/domitec.ch\/index.php?rest_route=%2Fwp%2Fv2%2Fproduct_brand&post=4270"},{"taxonomy":"product_cat","embeddable":true,"href":"https:\/\/domitec.ch\/index.php?rest_route=%2Fwp%2Fv2%2Fproduct_cat&post=4270"},{"taxonomy":"product_tag","embeddable":true,"href":"https:\/\/domitec.ch\/index.php?rest_route=%2Fwp%2Fv2%2Fproduct_tag&post=4270"}],"curies":[{"name":"wp","href":"https:\/\/api.w.org\/{rel}","templated":true}]}}