{"id":10877,"date":"2024-07-03T07:33:38","date_gmt":"2024-07-03T05:33:38","guid":{"rendered":"https:\/\/domitec.ch\/?post_type=product&#038;p=10877"},"modified":"2025-05-27T09:20:44","modified_gmt":"2025-05-27T07:20:44","slug":"canne-blanche","status":"publish","type":"product","link":"https:\/\/domitec.ch\/?product=canne-blanche","title":{"rendered":"Canne blanche"},"content":{"rendered":"<p>Canne blanche de marche<br \/>\nPour main gauche ou droite<br \/>\nHauteur r\u00e9glable de 74 \u00e0 94 cm<br \/>\nPoids canne: 420 g<br \/>\nCharge max: 100 kg<\/p>\n","protected":false},"excerpt":{"rendered":"<p>Canne blanche de marche<br \/>\nPour main gauche ou droite<\/p>\n","protected":false},"featured_media":10883,"template":"","meta":{"_crdt_document":"","advanced_seo_description":"","jetpack_seo_html_title":"","jetpack_seo_noindex":false,"jetpack_publicize_message":"","jetpack_publicize_feature_enabled":true,"jetpack_social_post_already_shared":true,"jetpack_social_options":{"image_generator_settings":{"template":"highway","default_image_id":0,"font":"","enabled":false},"version":2}},"product_brand":[],"product_cat":[6434],"product_tag":[],"class_list":{"0":"post-10877","1":"product","2":"type-product","3":"status-publish","4":"has-post-thumbnail","6":"product_cat-ah-cannes-de-marche","7":"product_shipping_class-poste-courrier-a","9":"first","10":"instock","11":"taxable","12":"shipping-taxable","13":"purchasable","14":"product-type-simple"},"jetpack_publicize_connections":[],"jetpack_likes_enabled":false,"jetpack_sharing_enabled":false,"jetpack-related-posts":[{"id":3012,"url":"https:\/\/domitec.ch\/?product=canne-de-marche-main-droite","url_meta":{"origin":10877,"position":0},"title":"Canne de marche poign\u00e9e ergonomique","author":"Cyril Hug","date":"10 ao\u00fbt 2022","format":false,"excerpt":"Canne de marche avec poign\u00e9e ergonomique pour main droite ou gauche R\u00e9glable en hauteur de 77 \u00e0 94 cm poids 0,3 kg poids supportable 100 kg","rel":"","context":"Article similaire","block_context":{"text":"Article similaire","link":""},"img":{"alt_text":"","src":"https:\/\/i0.wp.com\/domitec.ch\/wp-content\/uploads\/2022\/08\/canne-main-droite.jpg?fit=389%2C338&ssl=1&resize=350%2C200","width":350,"height":200},"classes":[]},{"id":3003,"url":"https:\/\/domitec.ch\/?product=canne-de-marche-simple","url_meta":{"origin":10877,"position":1},"title":"Canne de marche simple noir","author":"Cyril Hug","date":"8 ao\u00fbt 2022","format":false,"excerpt":"Canne de marche simple main gauche ou droite R\u00e9glage en hauteur de 73,5 \u00e0 96,5 cm Poids supportable 100 kg Couleur noir POIGNEE NOIR","rel":"","context":"Article similaire","block_context":{"text":"Article similaire","link":""},"img":{"alt_text":"","src":"https:\/\/i0.wp.com\/domitec.ch\/wp-content\/uploads\/2022\/08\/Canne-simple-1.png?fit=657%2C643&ssl=1&resize=350%2C200","width":350,"height":200,"srcset":"https:\/\/i0.wp.com\/domitec.ch\/wp-content\/uploads\/2022\/08\/Canne-simple-1.png?fit=657%2C643&ssl=1&resize=350%2C200 1x, https:\/\/i0.wp.com\/domitec.ch\/wp-content\/uploads\/2022\/08\/Canne-simple-1.png?fit=657%2C643&ssl=1&resize=525%2C300 1.5x"},"classes":[]},{"id":11160,"url":"https:\/\/domitec.ch\/?product=canne-quadripode","url_meta":{"origin":10877,"position":2},"title":"Canne quadripode","author":"Cyril Hug","date":"5 septembre 2024","format":false,"excerpt":"Canne quadripode R\u00e9versible gauche ou droite Poids max 100kg","rel":"","context":"Article similaire","block_context":{"text":"Article similaire","link":""},"img":{"alt_text":"","src":"https:\/\/i0.wp.com\/domitec.ch\/wp-content\/uploads\/2024\/09\/canne-quadripode.jpg?fit=1184%2C908&ssl=1&resize=350%2C200","width":350,"height":200,"srcset":"https:\/\/i0.wp.com\/domitec.ch\/wp-content\/uploads\/2024\/09\/canne-quadripode.jpg?fit=1184%2C908&ssl=1&resize=350%2C200 1x, https:\/\/i0.wp.com\/domitec.ch\/wp-content\/uploads\/2024\/09\/canne-quadripode.jpg?fit=1184%2C908&ssl=1&resize=525%2C300 1.5x, https:\/\/i0.wp.com\/domitec.ch\/wp-content\/uploads\/2024\/09\/canne-quadripode.jpg?fit=1184%2C908&ssl=1&resize=700%2C400 2x, https:\/\/i0.wp.com\/domitec.ch\/wp-content\/uploads\/2024\/09\/canne-quadripode.jpg?fit=1184%2C908&ssl=1&resize=1050%2C600 3x"},"classes":[]},{"id":11167,"url":"https:\/\/domitec.ch\/?product=canne-tripode","url_meta":{"origin":10877,"position":3},"title":"Canne tripode","author":"Cyril Hug","date":"5 septembre 2024","format":false,"excerpt":"Canne tripode R\u00e9versible gauche ou droite Poids max 100kg","rel":"","context":"Article similaire","block_context":{"text":"Article similaire","link":""},"img":{"alt_text":"","src":"https:\/\/i0.wp.com\/domitec.ch\/wp-content\/uploads\/2024\/09\/Canne-tripode.png?fit=656%2C645&ssl=1&resize=350%2C200","width":350,"height":200,"srcset":"https:\/\/i0.wp.com\/domitec.ch\/wp-content\/uploads\/2024\/09\/Canne-tripode.png?fit=656%2C645&ssl=1&resize=350%2C200 1x, https:\/\/i0.wp.com\/domitec.ch\/wp-content\/uploads\/2024\/09\/Canne-tripode.png?fit=656%2C645&ssl=1&resize=525%2C300 1.5x"},"classes":[]},{"id":3032,"url":"https:\/\/domitec.ch\/?product=canne-de-marche-poignee-derby","url_meta":{"origin":10877,"position":4},"title":"Canne de marche poign\u00e9e \u00ab\u00a0Derby\u00a0\u00bb","author":"Cyril Hug","date":"10 ao\u00fbt 2022","format":false,"excerpt":"Canne de marche avec poign\u00e9e SOFTTOUCH Hauteur r\u00e9glable 75-96 cm Poids max utilisateur 100 kg Poids canne 440 gr Couleur \u00e0 choix","rel":"","context":"Article similaire","block_context":{"text":"Article similaire","link":""},"img":{"alt_text":"","src":"https:\/\/i0.wp.com\/domitec.ch\/wp-content\/uploads\/2022\/08\/cannem-701064887-e1680077409661.jpg?fit=351%2C307&ssl=1&resize=350%2C200","width":350,"height":200},"classes":[]},{"id":3063,"url":"https:\/\/domitec.ch\/?product=canne-de-marche-telescopique","url_meta":{"origin":10877,"position":5},"title":"Canne de marche t\u00e9lescopique","author":"Cyril Hug","date":"10 ao\u00fbt 2022","format":false,"excerpt":"Canne de marche simple t\u00e9lescopique Hauteur r\u00e9glable 85-95 cm Poids canne 360 g Poids max utilisateur 100 kg Longueur pli\u00e9e: environ 30 cm (4 parties)","rel":"","context":"Article similaire","block_context":{"text":"Article similaire","link":""},"img":{"alt_text":"","src":"https:\/\/i0.wp.com\/domitec.ch\/wp-content\/uploads\/2022\/08\/canne-telesc.jpg?fit=280%2C328&ssl=1&resize=350%2C200","width":350,"height":200},"classes":[]}],"_links":{"self":[{"href":"https:\/\/domitec.ch\/index.php?rest_route=\/wp\/v2\/product\/10877","targetHints":{"allow":["GET"]}}],"collection":[{"href":"https:\/\/domitec.ch\/index.php?rest_route=\/wp\/v2\/product"}],"about":[{"href":"https:\/\/domitec.ch\/index.php?rest_route=\/wp\/v2\/types\/product"}],"wp:featuredmedia":[{"embeddable":true,"href":"https:\/\/domitec.ch\/index.php?rest_route=\/wp\/v2\/media\/10883"}],"wp:attachment":[{"href":"https:\/\/domitec.ch\/index.php?rest_route=%2Fwp%2Fv2%2Fmedia&parent=10877"}],"wp:term":[{"taxonomy":"product_brand","embeddable":true,"href":"https:\/\/domitec.ch\/index.php?rest_route=%2Fwp%2Fv2%2Fproduct_brand&post=10877"},{"taxonomy":"product_cat","embeddable":true,"href":"https:\/\/domitec.ch\/index.php?rest_route=%2Fwp%2Fv2%2Fproduct_cat&post=10877"},{"taxonomy":"product_tag","embeddable":true,"href":"https:\/\/domitec.ch\/index.php?rest_route=%2Fwp%2Fv2%2Fproduct_tag&post=10877"}],"curies":[{"name":"wp","href":"https:\/\/api.w.org\/{rel}","templated":true}]}}